 = a - -130. Let t be (-2)/(-4) - (-51)/6. Calculate the highest common divisor of t and s.
9
Let n = -9 + 14. Let u(v) = -2*v - 7. Let m = -13 - -7. Let z be u(m). Calculate the greatest common divisor of n and z.
5
Let x be (-15)/6*(-2 + 6). Let t = 6 - x. Calculate the highest common divisor of 8 and t.
8
Suppose -22 = -2*l - 0. Suppose -j - 67 = s - 0*s, -2*j + 5*s = 120. Let o = j + 98. What is the highest common factor of l and o?
11
Let v be 338/7 - 6/21. Suppose -4*h = 2*x - 0*x - 40, h = -x + 18. What is the greatest common divisor of v and x?
16
Suppose 0 = 5*u + 75 + 120. Let c = -7 - u. Let s be -3 + 0 + 9 + 2. Calculate the greatest common factor of c and s.
8
Suppose 5*g = -3 + 223. Let d = 64 - g. What is the greatest common factor of 10 and d?
10
Let d(q) = -q**3 + 6*q**2 - 4*q - 5. Let s be d(4). What is the greatest common divisor of 88 and s?
11
Suppose 5*g + h + 3*h - 70 = 0, 0 = -3*g - 5*h + 42. Suppose p - 39 = -3*x, x - 2*p + 1 = 21. What is the greatest common divisor of x and g?
14
Suppose 10*q - 252 = q. Calculate the highest common factor of q and 4.
4
Let n = 5 + -5. Suppose n = f - 21 - 18. Calculate the highest common factor of f and 26.
13
Let b(w) = w**3 - 9*w**2 + 9*w - 8. Let n be b(8). Let i be 2 - (n - 2 - -4). Suppose i*v + 2*v = 18. What is the highest common divisor of v and 99?
9
Suppose 4*y = 2*y - 108. Let p = y - -98. Let d be 0 - -10 - -1 - 0. What is the highest common divisor of d and p?
11
Suppose 5*u = 2*o + 70, 4*u - 8*u - 5*o + 23 = 0. What is the highest common divisor of 96 and u?
12
Let s be (-8)/20 - (-886)/(-10). Let w = 149 + s. Let z = 37 + -13. Calculate the greatest common divisor of z and w.
12
Suppose -21 = -3*v + 2*c - 6, 0 = 3*c - 9. Suppose -4*y = -163 - 89. Calculate the highest common factor of v and y.
7
Let u(d) = -24*d - 3. Let q(k) = k + 1. Let y(t) = 5*q(t) + u(t). Let x be y(-2). What is the greatest common divisor of 16 and x?
8
Suppose 0 = -4*v - f + 116, -3*f = -3*v - 1 + 103. Suppose 5*i + n = 57, -5*i + i - 4*n = -36. Calculate the highest common divisor of v and i.
6
Let l(d) = -13*d**2 + 5*d + 5. Let x(y) = 7*y**2 - 2*y - 2. Let u(m) = 2*l(m) + 5*x(m). Let w be u(-4). Calculate the highest common factor of 24 and w.
24
Suppose t = 5*t - 4*c - 264, 5*t - 4*c = 327. What is the highest common divisor of 189 and t?
63
Let g = 68 + 7. Suppose 2*i = 3*i - 4*l - 22, -2*i + 3*l = -54. Calculate the greatest common divisor of g and i.
15
Suppose -5*f = -0*f + 10. Let q be (23 - 1) + 2/f. Suppose -q = -w - 2*w. What is the highest common factor of 56 and w?
7
Let n = 0 + 3. Let i be n - 3 - 4*-1. Suppose -i*u + 43 + 140 = p, -5*p + 240 = 5*u. Calculate the highest common divisor of u and 30.
15
Let l(r) = 33*r**2 - 4*r + 2. Let z = -2 + 4. Let d be l(z). Let t(g) = 5*g - 1. Let c be t(3). Calculate the highest common factor of d and c.
14
Let n(a) = -a**3 - 3*a**2 - 3*a + 2. Let z be n(-4). Calculate the greatest common divisor of z and 20.
10
Let d be (-3)/(-1) - (5 + -7). Suppose -9 = -0*g - 3*g. Suppose -2*s - g*o + 27 = 1, o = -d*s + 52. What is the highest common factor of 80 and s?
10
Let j be ((-8)/10)/2 + (-816)/(-15). Calculate the highest common divisor of j and 6.
6
Let j be ((-3)/2)/((-68)/952). Suppose 943 = 5*i + 2*c, -i + c + 3*c + 193 = 0. What is the greatest common divisor of i and j?
21
Let f be 11/2 - (-3)/(-6). Suppose p + r - 116 = 0, f*p + 3*r - 544 = 7*r. What is the greatest common divisor of 14 and p?
14
Let w = -64 + 89. What is the highest common divisor of 175 and w?
25
Let q be 10/45 + 4/(-18). Suppose -4*n = -q*h + 2*h - 272, h = 5*n - 340. Calculate the greatest common divisor of n and 17.
17
Suppose 9 = -3*c, -x + 6*x - 2*c = 10906. Let s be x/9 + (-2)/9. Calculate the highest common divisor of 22 and s.
22
Let i be ((-4)/(-12))/(2/12). Let t(s) = -s + 6. Let p be t(5). What is the highest common divisor of i and p?
1
Let f = 11 + -11. Suppose -3*m - 2*m + 120 = f. What is the highest common factor of m and 6?
6
Let p = -101 + 173. Let a be (-225)/(-10)*4/5. Calculate the highest common divisor of a and p.
18
Let w(o) = -o - 1. Let z be w(-4). Let j be 5/(-1 + (z - 1)). What is the greatest common factor of j and 1?
1
Let y(r) = 25*r + 4. Let j(k) = -24*k - 3. Let b(s) = -6*j(s) - 5*y(s). Let z be b(6). Calculate the highest common factor of 14 and z.
14
Let t(f) = -3*f - 3. Let s be t(-2). Suppose 0*r + 104 = 5*i + r, 3 = -s*r. What is the highest common divisor of 7 and i?
7
Let b = -27 - -29. Calculate the highest common divisor of 2 and b.
2
Let q(i) = i + 24. Let k be q(-10). What is the highest common factor of k and 154?
14
Suppose 3*r - 8 = 19. Suppose -3*w - r = -42. Calculate the highest common divisor of 33 and w.
11
Suppose -2*x + 35 = -5. Calculate the highest common factor of x and 30.
10
Suppose 3*j - 4*j + 112 = 0. What is the greatest common divisor of j and 16?
16
Let u(s) = s**3 - 7*s**2 - 4*s + 7. Let g be u(8). Let w(x) = x + 8. Let j be w(5). What is the highest common factor of g and j?
13
Let j(i) = -2*i + 27. Let r be j(6). Calculate the greatest common factor of 20 and r.
5
Let l be (-72)/(-40) - -1*(-3)/(-15). Calculate the greatest common factor of 14 and l.
2
Suppose 7*q - 47*q = -1760. Let t be 1/((2/(-16))/1). Let n = -4 - t. What is the highest common divisor of n and q?
4
Suppose x - 5*x = l - 8, -5*x - 41 = -3*l. Calculate the highest common factor of l and 84.
12
Let c(n) = 5*n - 4. Let m be c(3). Calculate the highest common factor of m and 88.
11
Let s be (-40 - 4)*(-2 - -1). Calculate the greatest common factor of s and 11.
11
Let l be -2*((-18)/4 - -4). What is the highest common divisor of 3 and l?
1
Suppose 3*k = 3 + 3. What is the greatest common factor of k and 4?
2
Let a(k) be the second derivative of -10*k**3/3 + 4*k. Let z be a(-3). Calculate the greatest common factor of 12 and z.
12
Let l = 63 + -3. Suppose 3*z = -0*z - 57. Let i = 34 + z. Calculate the greatest common factor of i and l.
15
Let b be ((-88)/6 - 0)/((-1)/3). Calculate the greatest common factor of b and 44.
44
Let r = 0 + 12. Let l = -25 - -33. What is the highest common divisor of l and r?
4
Suppose 4*r + 0 = -3*z + 7, 0 = -5*r + 5*z. Let q be 2 + -4 + r + 649. Suppose 4*p - q = -0*p. Calculate the greatest common factor of 18 and p.
18
Let u(i) = i**3 - i**2 - 2*i + 4. Let j be u(5). Let v be -60 - (0 - 0 - 1). Let m = v + j. Calculate the highest common factor of m and 14.
7
Suppose 10 = n + n. Suppose -p + 5*p + 29 = 3*c, -4*p - 35 = -n*c. Calculate the highest common divisor of 9 and c.
3
Let c = 327 + -201. What is the greatest common divisor of 18 and c?
18
Let j(y) = 2*y + 4*y + 4*y - 5*y + 1. Let z be j(3). What is the greatest common divisor of 16 and z?
16
Let v = 14 - -16. Let x(o) = -4*o + 17. Let s be x(-7). What is the highest common factor of s and v?
15
Suppose 0 = -3*t + 2*t. Suppose 4*g + 0*g - 20 = t. Suppose 0 = x + r - 16, x + x + g*r - 23 = 0. What is the greatest common factor of 57 and x?
19
Suppose 0 = 5*l - 0*l. Suppose l = -5*z - 4*o + 128, -5*z + 41 + 83 = 2*o. Let v = -21 + 37. Calculate the highest common factor of v and z.
8
Let p be 174 - 3 - ((-4)/(-2) + 1). What is the greatest common factor of p and 21?
21
Suppose 5*a = 71 - 1. What is the highest common factor of a and 42?
14
Let l(o) = o**3 + 8*o**2 + 3*o + 3. Let r be l(-3). What is the greatest common divisor of 13 and r?
13
Suppose 2*j + 18 = -3*m + 1, 5*m = -5*j - 30. Let h be 93/9 + j/3. Calculate the highest common divisor of h and 80.
10
Let r be (-509)/(-13) - (267/(-39) + 7). What is the highest common factor of 26 and r?
13
Suppose 5*a + 4*j = 459, -2*a - 5*j - 5 = -175. Let f be (-1 + (-13)/(-5))*a. What is the highest common divisor of 19 and f?
19
Suppose -51 - 9 = -3*x. Let f = -36 + 24. Let p = f + x. Calculate the greatest common divisor of p and 20.
4
Let d = 6 + -12. Let v(f) = -2*f + 7. Let w be v(4). Let m = w - d. What is the highest common factor of m and 10?
5
Suppose -2*a = 5*h - 68, 3*h - 6 = -0. Calculate the highest common factor of a and 58.
29
Suppose 0*f - 3*f + g + 8 = 0, g = 5*f - 12. Let o be (f - (-1 + 3)) + 18. Calculate the highest common factor of 12 and o.
6
Suppose 3*o + 16 = 5*o. Suppose l - o = -l.